{"id":1541,"date":"2019-12-25T14:21:05","date_gmt":"2019-12-25T13:21:05","guid":{"rendered":"http:\/\/van-lessen.org\/Wordpress\/?page_id=1541"},"modified":"2020-02-24T19:28:16","modified_gmt":"2020-02-24T18:28:16","slug":"tjabe-hermann-van-lessen","status":"publish","type":"page","link":"http:\/\/van-lessen.org\/Wordpress\/tjabe-hermann-van-lessen\/","title":{"rendered":"<h2><center>Nachruf auf Tjabe Hermann van Lessen<\/center><\/h2>"},"content":{"rendered":"<style type=\"text\/css\">\n    ppp {<br \/>\n        font-size: 10x;<br \/>\n        margin-bottom: 12px;<br \/>\n        line-height: 50%;<br \/>\n    }<br \/>\n    <\/style>\n<p style=\"margin-top: -20px;\">\n<p><a href=\"..\"><em>Zur\u00fcck zur Startseite<\/em><\/a><\/p>\n<p><a href=\"http:\/\/van-lessen.org\/individual.php?pid=I1552&amp;ged=van-Lessen\"> <span style=\"color: #0000ff;\"> Tjabe Hermann van Lessen<\/span><\/a><\/p>\n<p>geb. am 23.3.1926, gest. am 24.2.2015<\/p>\n<p>Am 23.03.1926 wurde Tjabe Hermann van Lessen als Sohn von <a href=\"http:\/\/van-lessen.org\/individual.php?pid=I1256&amp;ged=van-Lessen\"> <span style=\"color: #0000ff;\"> Anneus Hinderikus van Lessen<\/span><\/a> und Frau <a href=\"http:\/\/van-lessen.org\/individual.php?pid=I0103&amp;ged=van-Lessen\"> <span style=\"color: #0000ff;\"> Etta Johanna van Lessen, geb. Boelman<\/span><\/a>, in B\u00f6hmerwold geboren. Seine Kindheit verbrachte er in B\u00f6hmerwold. Dort besuchte er ab 1933 die Dorfgrundschule, 1938 wechselte er zum Ubbo Emmius Gymnasium nach Leer. Die Schulzeit wurde unterbrochen, da er 1944 ins Wehrert\u00fcchtigungslager musste. Von dort aus ging es in den Arbeitsdienst, danach wurde er Soldat. 1945 kam er in franz\u00f6sische Gefangenschaft ins Lager Rivesaltes in der N\u00e4he von Perpignan, wo er zu seinem Gl\u00fcck von einem Landwirt ausgew\u00e4hlt wurde auf dessen Hof in Mazerolles zu arbeiten. Dort entwickelte sich ein freundschaftliches Verh\u00e4ltnis zu der Familie Lameroux. Im November 1948 wurde er aus der Gefangenschaft entlassen, der Kontakt zu der Familie blieb bis ins hohe Alter bestehen.<\/p>\n<p>Er kehrte nach B\u00f6hmerwold zur\u00fcck und wurde Verwalter auf dem Hof von Fraukina Mansholt, B\u00f6hmerwold 16, und konnte 1959 teils durch Erbschaft, teils durch Kauf, den Hof \u00fcbernehmen. Am 29.4.1953 heiratete er <a href=\"http:\/\/van-lessen.org\/individual.php?pid=I0684&amp;ged=van-Lessen\"> <span style=\"color: #0000ff;\"> Engelina Margaretha Hopkes<\/span><\/a> aus Bunderhammrich. Nach einem schweren Start hatte er dort jetzt seinen Traumberuf. Da die Ehe leider kinderlos blieb, machten die beiden viele sch\u00f6ne Reisen z.B. Brasilien, Afrika, USA, Kanada, Skandinavien und immer wieder Frankreich.<\/p>\n<p>Arbeit war f\u00fcr ihn bis ins hohe Alter keine Last sondern Hobby. Er \u00fcbte viele ehrenamtliche T\u00e4tigkeiten aus wie Vorsitzender der Molkerei Bunderhee, Ortsvorsteher und Aufsichtsrat der Brandkasse. Au\u00dferdem arbeitete er die ganzen Jahre mit seinem Bruder Menno Boelman van Lessen, der den elterlichen Hof \u00fcbernommen hatte, zusammen. F\u00fcr Engelina und Tjabe Hermann waren die Kinder von Theodore und Menno wie ihre eigenen, man p\ufb02egte ein sehr enges famili\u00e4res Verh\u00e4ltnis. So ergab es sich 1987, dass die Tochter von Menno und Theodore, Etta Johanna Ulferts geb. van Lessen mit ihrem Mann Alfred Ulferts den Hof \u00fcbernahmen. Engelina und Tjabe Hermann kauften einige Jahre vorher das Haus B\u00f6hmerwold Nr. 7 und richteten dort ihr Altenteil ein.<\/p>\n<p>lm Oktober 1995 verstarb dann pl\u00f6tzlich seine Frau Engelina, die eine gro\u00dfe L\u00fccke hinterlie\u00df. Die Arbeit auf dem Hof, die N\u00e4he zu den Kindern von Etta und Alfred und noch viele Reisen f\u00fcllten ab dann sein Leben, bis er im Jahr 2009 mit dem Fahrrad st\u00fcrzte und sich den Oberschenkel brach und somit nicht mehr auf dem Hof arbeiten konnte. Trotzdem verlor er nie den Mut und lebte zufrieden im Kreis der Familie, bis er am 24.2.2015 nach kurzer Krankheit im Alter von 88 Jahren starb.<\/p>\n<p>Etta Ulferts, geborene van Lessen<\/p>\n<p><img loading=\"lazy\" class=\"alignnone wp-image-370\" src=\"http:\/\/van-lessen.org\/Bilder\/Tjabe Engelina alt.jpg\" alt=\"\" width=\"643\" height=\"349\"><\/p>\n<p style=\"line-height: 80%;\"><small><em>Ehepaar Engelina Margaretha Hopkes und Tjabe Hermann van Lessen<\/em><\/small><\/p>\n","protected":false},"excerpt":{"rendered":"<p>Zur\u00fcck zur Startseite Tjabe Hermann van Lessen geb. am 23.3.1926, gest. am 24.2.2015 Am 23.03.1926 wurde Tjabe Hermann van Lessen als Sohn von Anneus Hinderikus van Lessen und Frau Etta Johanna van Lessen, geb. Boelman, in B\u00f6hmerwold geboren. Seine Kindheit verbrachte er in B\u00f6hmerwold. Dort besuchte er ab 1933 die Dorfgrundschule, 1938 wechselte er zum &hellip; <a href=\"http:\/\/van-lessen.org\/Wordpress\/tjabe-hermann-van-lessen\/\" class=\"more-link\"><span class=\"screen-reader-text\"><\/p>\n<h2><center>Nachruf auf Tjabe Hermann van Lessen<\/center><\/h2>\n<p><\/span> weiterlesen<\/a><\/p>\n","protected":false},"author":1,"featured_media":0,"parent":0,"menu_order":0,"comment_status":"closed","ping_status":"closed","template":"","meta":[],"_links":{"self":[{"href":"http:\/\/van-lessen.org\/Wordpress\/wp-json\/wp\/v2\/pages\/1541"}],"collection":[{"href":"http:\/\/van-lessen.org\/Wordpress\/wp-json\/wp\/v2\/pages"}],"about":[{"href":"http:\/\/van-lessen.org\/Wordpress\/wp-json\/wp\/v2\/types\/page"}],"author":[{"embeddable":true,"href":"http:\/\/van-lessen.org\/Wordpress\/wp-json\/wp\/v2\/users\/1"}],"replies":[{"embeddable":true,"href":"http:\/\/van-lessen.org\/Wordpress\/wp-json\/wp\/v2\/comments?post=1541"}],"version-history":[{"count":21,"href":"http:\/\/van-lessen.org\/Wordpress\/wp-json\/wp\/v2\/pages\/1541\/revisions"}],"predecessor-version":[{"id":1775,"href":"http:\/\/van-lessen.org\/Wordpress\/wp-json\/wp\/v2\/pages\/1541\/revisions\/1775"}],"wp:attachment":[{"href":"http:\/\/van-lessen.org\/Wordpress\/wp-json\/wp\/v2\/media?parent=1541"}],"curies":[{"name":"wp","href":"https:\/\/api.w.org\/{rel}","templated":true}]}}

<style type="text/css">
    ppp {<br />
        font-size: 10x;<br />
        margin-bottom: 12px;<br />
        line-height: 50%;<br />
    }<br />
    </style>
<p style="margin-top: -20px;">
<p><a href=".."><em>Zurück zur Startseite</em></a></p>
<p><a href="http://van-lessen.org/individual.php?pid=I1552&amp;ged=van-Lessen"> <span style="color: #0000ff;"> Tjabe Hermann van Lessen</span></a></p>
<p>geb. am 23.3.1926, gest. am 24.2.2015</p>
<p>Am 23.03.1926 wurde Tjabe Hermann van Lessen als Sohn von <a href="http://van-lessen.org/individual.php?pid=I1256&amp;ged=van-Lessen"> <span style="color: #0000ff;"> Anneus Hinderikus van Lessen</span></a> und Frau <a href="http://van-lessen.org/individual.php?pid=I0103&amp;ged=van-Lessen"> <span style="color: #0000ff;"> Etta Johanna van Lessen, geb. Boelman</span></a>, in Böhmerwold geboren. Seine Kindheit verbrachte er in Böhmerwold. Dort besuchte er ab 1933 die Dorfgrundschule, 1938 wechselte er zum Ubbo Emmius Gymnasium nach Leer. Die Schulzeit wurde unterbrochen, da er 1944 ins Wehrertüchtigungslager musste. Von dort aus ging es in den Arbeitsdienst, danach wurde er Soldat. 1945 kam er in französische Gefangenschaft ins Lager Rivesaltes in der Nähe von Perpignan, wo er zu seinem Glück von einem Landwirt ausgewählt wurde auf dessen Hof in Mazerolles zu arbeiten. Dort entwickelte sich ein freundschaftliches Verhältnis zu der Familie Lameroux. Im November 1948 wurde er aus der Gefangenschaft entlassen, der Kontakt zu der Familie blieb bis ins hohe Alter bestehen.</p>
<p>Er kehrte nach Böhmerwold zurück und wurde Verwalter auf dem Hof von Fraukina Mansholt, Böhmerwold 16, und konnte 1959 teils durch Erbschaft, teils durch Kauf, den Hof übernehmen. Am 29.4.1953 heiratete er <a href="http://van-lessen.org/individual.php?pid=I0684&amp;ged=van-Lessen"> <span style="color: #0000ff;"> Engelina Margaretha Hopkes</span></a> aus Bunderhammrich. Nach einem schweren Start hatte er dort jetzt seinen Traumberuf. Da die Ehe leider kinderlos blieb, machten die beiden viele schöne Reisen z.B. Brasilien, Afrika, USA, Kanada, Skandinavien und immer wieder Frankreich.</p>
<p>Arbeit war für ihn bis ins hohe Alter keine Last sondern Hobby. Er übte viele ehrenamtliche Tätigkeiten aus wie Vorsitzender der Molkerei Bunderhee, Ortsvorsteher und Aufsichtsrat der Brandkasse. Außerdem arbeitete er die ganzen Jahre mit seinem Bruder Menno Boelman van Lessen, der den elterlichen Hof übernommen hatte, zusammen. Für Engelina und Tjabe Hermann waren die Kinder von Theodore und Menno wie ihre eigenen, man pﬂegte ein sehr enges familiäres Verhältnis. So ergab es sich 1987, dass die Tochter von Menno und Theodore, Etta Johanna Ulferts geb. van Lessen mit ihrem Mann Alfred Ulferts den Hof übernahmen. Engelina und Tjabe Hermann kauften einige Jahre vorher das Haus Böhmerwold Nr. 7 und richteten dort ihr Altenteil ein.</p>
<p>lm Oktober 1995 verstarb dann plötzlich seine Frau Engelina, die eine große Lücke hinterließ. Die Arbeit auf dem Hof, die Nähe zu den Kindern von Etta und Alfred und noch viele Reisen füllten ab dann sein Leben, bis er im Jahr 2009 mit dem Fahrrad stürzte und sich den Oberschenkel brach und somit nicht mehr auf dem Hof arbeiten konnte. Trotzdem verlor er nie den Mut und lebte zufrieden im Kreis der Familie, bis er am 24.2.2015 nach kurzer Krankheit im Alter von 88 Jahren starb.</p>
<p>Etta Ulferts, geborene van Lessen</p>
<p><img loading="lazy" class="alignnone wp-image-370" src="http://van-lessen.org/Bilder/Tjabe Engelina alt.jpg" alt="" width="643" height="349"></p>
<p style="line-height: 80%;"><small><em>Ehepaar Engelina Margaretha Hopkes und Tjabe Hermann van Lessen</em></small></p>

<p>Zurück zur Startseite Tjabe Hermann van Lessen geb. am 23.3.1926, gest. am 24.2.2015 Am 23.03.1926 wurde Tjabe Hermann van Lessen als Sohn von Anneus Hinderikus van Lessen und Frau Etta Johanna van Lessen, geb. Boelman, in Böhmerwold geboren. Seine Kindheit verbrachte er in Böhmerwold. Dort besuchte er ab 1933 die Dorfgrundschule, 1938 wechselte er zum &hellip; <a href="http://van-lessen.org/Wordpress/tjabe-hermann-van-lessen/" class="more-link"><span class="screen-reader-text"></p>
<h2><center>Nachruf auf Tjabe Hermann van Lessen</center></h2>
<p></span> weiterlesen</a></p>
