{"id":248,"date":"2018-03-06T16:30:07","date_gmt":"2018-03-06T15:30:07","guid":{"rendered":"http:\/\/van-lessen.org\/Wordpress\/?page_id=248"},"modified":"2018-04-02T09:05:57","modified_gmt":"2018-04-02T07:05:57","slug":"geleitwort","status":"publish","type":"page","link":"http:\/\/van-lessen.org\/Wordpress\/geleitwort\/","title":{"rendered":"<center>Geleitwort<\/center>"},"content":{"rendered":"<p><a href=\"..\"><em>Zur\u00fcck zur Startseite<\/em><\/a><\/p>\n<p>Wohl dem, der seiner V\u00e4ter gern gedenkt,<br \/>\nder froh von ihren Taten, ihrer Gr\u00f6\u00dfe den<br \/>\nH\u00f6rer unterh\u00e4lt, und, still sich freuend, auch ans<br \/>\nEnde dieser sch\u00f6nen Reihe sich geschlossen sieht.<\/p>\n<p><em>J. W. von Goethe, Iphigenie 1.3<\/em><\/p>\n","protected":false},"excerpt":{"rendered":"<p>Zur\u00fcck zur Startseite Wohl dem, der seiner V\u00e4ter gern gedenkt, der froh von ihren Taten, ihrer Gr\u00f6\u00dfe den H\u00f6rer unterh\u00e4lt, und, still sich freuend, auch ans Ende dieser sch\u00f6nen Reihe sich geschlossen sieht. J. W. von Goethe, Iphigenie 1.3<\/p>\n","protected":false},"author":1,"featured_media":0,"parent":0,"menu_order":0,"comment_status":"closed","ping_status":"closed","template":"","meta":[],"_links":{"self":[{"href":"http:\/\/van-lessen.org\/Wordpress\/wp-json\/wp\/v2\/pages\/248"}],"collection":[{"href":"http:\/\/van-lessen.org\/Wordpress\/wp-json\/wp\/v2\/pages"}],"about":[{"href":"http:\/\/van-lessen.org\/Wordpress\/wp-json\/wp\/v2\/types\/page"}],"author":[{"embeddable":true,"href":"http:\/\/van-lessen.org\/Wordpress\/wp-json\/wp\/v2\/users\/1"}],"replies":[{"embeddable":true,"href":"http:\/\/van-lessen.org\/Wordpress\/wp-json\/wp\/v2\/comments?post=248"}],"version-history":[{"count":3,"href":"http:\/\/van-lessen.org\/Wordpress\/wp-json\/wp\/v2\/pages\/248\/revisions"}],"predecessor-version":[{"id":1215,"href":"http:\/\/van-lessen.org\/Wordpress\/wp-json\/wp\/v2\/pages\/248\/revisions\/1215"}],"wp:attachment":[{"href":"http:\/\/van-lessen.org\/Wordpress\/wp-json\/wp\/v2\/media?parent=248"}],"curies":[{"name":"wp","href":"https:\/\/api.w.org\/{rel}","templated":true}]}}