{"id":253,"date":"2018-03-06T16:45:55","date_gmt":"2018-03-06T15:45:55","guid":{"rendered":"http:\/\/van-lessen.org\/Wordpress\/?page_id=253"},"modified":"2019-12-24T20:49:17","modified_gmt":"2019-12-24T19:49:17","slug":"gruendung_wallonische_gemeinde","status":"publish","type":"page","link":"http:\/\/van-lessen.org\/Wordpress\/gruendung_wallonische_gemeinde\/","title":{"rendered":"<h3><center>Gr\u00fcndung der wallonischen Gemeinde zu Emden<\/h3><\/center>"},"content":{"rendered":"<p><title>Gr\u00fcndung der wallonischen Gemeinde zu Emden<\/title><\/p>\n<style type=\"text\/css\">\n    p {<br \/>\n        font-size: 17px;<br \/>\n        margin-bottom: 11px;<br \/>\n        line-height: 125%;<br \/>\n    }<br \/>\n    <\/style>\n<p style=\"margin-top: 20px\"><a href=\"..\"><em>Zur\u00fcck zur Startseite<\/em><\/a><\/p>\n<p>Evangelisch-reformierte Wallonen fl\u00fcchteten 1548 vor den Spaniern, die sie zum katholischen Glauben zwingen&nbsp;wollten, nach England, wo sie von Edward VI., dem Sohn Heinrich VIII., gastfreundlich aufgenommen wurden. Edward VI. starb am 6.7.1553. Die Nachfolge trat Maria Stuart an, die katholisch war und bald den katholischen Glauben in England zur Geltung brachte und die Protestanten verfolgte.<\/p>\n<p>Alle protestantischen Ausl\u00e4nder &#8211; ca. 30.000 &#8211; mussten England sofort verlassen. Unter diesen Fl\u00fcchtlingen waren auch die Stifter der wallonischen (franz\u00f6sisch-reformierten) Gemeinde und Kirche in Emden. Sie hatten sich am 17.9.1553 in Gravesand an der Themsem\u00fcndung auf d\u00e4nische Schiffe begeben, die sie in einer abenteuerlichen Fahrt \u00fcber S\u00fcd-Norwegen, Kopenhagen und Hamburg nach Emden brachten.<\/p>\n<p>ln Emden kamen sie am 4.12.1553 an und wurden da von Glaubensbr\u00fcdern, die schon fr\u00fcher aus England gekommen waren, begr\u00fc\u00dft. 1554 gr\u00fcndeten sie dort die Franz\u00f6sisch-reformierte Kirche. Ihr Wappen, das sie sich gaben, mit der altholl\u00e4ndischen Umschrift &#8211;&nbsp;Godts Kerck verfolgt, verdreven, Heft Godt hyr Trost gegeven&nbsp;&#8211; befindet sich noch heute \u00fcber dem Portal der Gro\u00dfen Kirche zu Emden.<\/p>\n<figure id=\"attachment_260\" aria-describedby=\"caption-attachment-260\" style=\"width: 300px\" class=\"wp-caption aligncenter\"><img loading=\"lazy\" class=\"wp-image-260\" src=\"..\/wp-content\/uploads\/2018\/03\/Wappen_wallonische_Gemeinde-300x296.jpg\" alt=\"\" width=\"200\" height=\"198\" srcset=\"http:\/\/van-lessen.org\/Wordpress\/wp-content\/uploads\/2018\/03\/Wappen_wallonische_Gemeinde-300x296.jpg 300w, http:\/\/van-lessen.org\/Wordpress\/wp-content\/uploads\/2018\/03\/Wappen_wallonische_Gemeinde-150x150.jpg 150w, http:\/\/van-lessen.org\/Wordpress\/wp-content\/uploads\/2018\/03\/Wappen_wallonische_Gemeinde-768x758.jpg 768w, http:\/\/van-lessen.org\/Wordpress\/wp-content\/uploads\/2018\/03\/Wappen_wallonische_Gemeinde-1024x1010.jpg 1024w, http:\/\/van-lessen.org\/Wordpress\/wp-content\/uploads\/2018\/03\/Wappen_wallonische_Gemeinde.jpg 1028w\" sizes=\"(max-width: 200px) 100vw, 200px\" \/><figcaption id=\"caption-attachment-260\" class=\"wp-caption-text\">Wappen wallonische Gemeinde<\/figcaption><\/figure>\n<figure id=\"attachment_415\" aria-describedby=\"caption-attachment-415\" style=\"width: 723px\" class=\"wp-caption alignnone\"><img loading=\"lazy\" class=\"wp-image-415\" src=\"..\/wp-content\/uploads\/2018\/03\/Grosse-Kirche-in-Emden-300x172.jpg\" alt=\"\" width=\"723\" height=\"414\" srcset=\"http:\/\/van-lessen.org\/Wordpress\/wp-content\/uploads\/2018\/03\/Grosse-Kirche-in-Emden-300x172.jpg 300w, http:\/\/van-lessen.org\/Wordpress\/wp-content\/uploads\/2018\/03\/Grosse-Kirche-in-Emden-768x440.jpg 768w, http:\/\/van-lessen.org\/Wordpress\/wp-content\/uploads\/2018\/03\/Grosse-Kirche-in-Emden.jpg 800w\" sizes=\"(max-width: 723px) 100vw, 723px\" \/><figcaption id=\"caption-attachment-415\" class=\"wp-caption-text\">Die im 2. Weltkrieg zerst\u00f6rte Gro\u00dfe Kirche zu Emden<\/figcaption><\/figure>\n<figure id=\"attachment_419\" aria-describedby=\"caption-attachment-419\" style=\"width: 668px\" class=\"wp-caption alignnone\"><img loading=\"lazy\" class=\"wp-image-419\" src=\"..\/wp-content\/uploads\/2018\/03\/Emden-1574-300x241.jpg\" alt=\"\" width=\"668\" height=\"537\" srcset=\"http:\/\/van-lessen.org\/Wordpress\/wp-content\/uploads\/2018\/03\/Emden-1574-300x241.jpg 300w, http:\/\/van-lessen.org\/Wordpress\/wp-content\/uploads\/2018\/03\/Emden-1574.jpg 500w\" sizes=\"(max-width: 668px) 100vw, 668px\" \/><figcaption id=\"caption-attachment-419\" class=\"wp-caption-text\">Emden 1574<\/figcaption><\/figure>\n","protected":false},"excerpt":{"rendered":"<p>Gr\u00fcndung der wallonischen Gemeinde zu Emden Zur\u00fcck zur Startseite Evangelisch-reformierte Wallonen fl\u00fcchteten 1548 vor den Spaniern, die sie zum katholischen Glauben zwingen&nbsp;wollten, nach England, wo sie von Edward VI., dem Sohn Heinrich VIII., gastfreundlich aufgenommen wurden. Edward VI. starb am 6.7.1553. Die Nachfolge trat Maria Stuart an, die katholisch war und bald den katholischen Glauben &hellip; <a href=\"http:\/\/van-lessen.org\/Wordpress\/gruendung_wallonische_gemeinde\/\" class=\"more-link\"><span class=\"screen-reader-text\"><\/p>\n<h3><center>Gr\u00fcndung der wallonischen Gemeinde zu Emden<\/h3>\n<p><\/center><\/span> weiterlesen<\/a><\/p>\n","protected":false},"author":1,"featured_media":0,"parent":0,"menu_order":0,"comment_status":"closed","ping_status":"closed","template":"","meta":[],"_links":{"self":[{"href":"http:\/\/van-lessen.org\/Wordpress\/wp-json\/wp\/v2\/pages\/253"}],"collection":[{"href":"http:\/\/van-lessen.org\/Wordpress\/wp-json\/wp\/v2\/pages"}],"about":[{"href":"http:\/\/van-lessen.org\/Wordpress\/wp-json\/wp\/v2\/types\/page"}],"author":[{"embeddable":true,"href":"http:\/\/van-lessen.org\/Wordpress\/wp-json\/wp\/v2\/users\/1"}],"replies":[{"embeddable":true,"href":"http:\/\/van-lessen.org\/Wordpress\/wp-json\/wp\/v2\/comments?post=253"}],"version-history":[{"count":31,"href":"http:\/\/van-lessen.org\/Wordpress\/wp-json\/wp\/v2\/pages\/253\/revisions"}],"predecessor-version":[{"id":1675,"href":"http:\/\/van-lessen.org\/Wordpress\/wp-json\/wp\/v2\/pages\/253\/revisions\/1675"}],"wp:attachment":[{"href":"http:\/\/van-lessen.org\/Wordpress\/wp-json\/wp\/v2\/media?parent=253"}],"curies":[{"name":"wp","href":"https:\/\/api.w.org\/{rel}","templated":true}]}}