{"id":365,"date":"2018-03-08T10:39:32","date_gmt":"2018-03-08T09:39:32","guid":{"rendered":"http:\/\/van-lessen.org\/Wordpress\/?page_id=365"},"modified":"2019-12-25T13:12:27","modified_gmt":"2019-12-25T12:12:27","slug":"tafel_emdener_van_lessen","status":"publish","type":"page","link":"http:\/\/van-lessen.org\/Wordpress\/tafel_emdener_van_lessen\/","title":{"rendered":"<h4><center>Tafel der fr\u00fchen van Lessen in Emden<\/center><\/h4>"},"content":{"rendered":"<style type=\"text\/css\">\n    p {<br \/>\n        font-size: 13px;<br \/>\n        margin-bottom: 13px;<br \/>\n        line-height: 130%;<br \/>\n    }<br \/>\n    <\/style>\n<p style=\"margin-top: 20px;\"><a href=\"http:\/\/van-lessen.org\/Wordpress\"><em>Zur\u00fcck zur Startseite<\/em><\/a><\/p>\n<p>Der Stammvater Johan Le\u00dfen in der Datenbank der Familie van Lessen ist vermutlich kein Nachkomme der hier gezeigten \u00e4ltesten Generation bestehend aus Joest Janssen van Lessen, Magdalene Tgrauen und Lisabett Miclot. Es wird entgegen der Angabe in der unten stehenden Tafel vermutet, dass Joest Janssen van Lessen und Johan Corste Lessen S\u00f6hne des M\u00e4rtyrers Kornelis de Lesenne sind.\u00a0Johan Corste Lessen k\u00f6nnte Urgro\u00dfvater vom\u00a0Stammvater Johan Le\u00dfen in der Datenbank van Lessen sein. Unten stehende Personen sind \u00fcber die Familie Herlyn als angeheiratete Vorfahren in die\u00a0Datenbank der Familie van Lessen aufgenommen worden.<\/p>\n<p>Es gibt jedoch eine &#8211; nicht restlos dokumentierte &#8211; Nachkommenlinie der Emdener Familie Penon zu <a href=\"http:\/\/van-lessen.org\/individual.php?pid=I0538&amp;ged=van-Lessen\" target=\"_blank\" rel=\"noopener noreferrer\">Johanne Hermanna Penon Goeman<\/a>, die Ehefrau von <a href=\"http:\/\/van-lessen.org\/individual.php?pid=I1368&amp;ged=van-Lessen\" target=\"_blank\" rel=\"noopener noreferrer\">Goeko Bernhard van Lessen<\/a> ist.<\/p>\n<p style=\"margin-bottom: -21px;\">Siehe dazu:<\/p>\n<p style=\"margin-left: 110px;\">&#8222;<a href=\"http:\/\/van-lessen.org\/Wordpress\/historie\/\">Kurze Historie der Abstammung<\/a>&#8220;<br \/>\n&#8222;<a href=\"http:\/\/van-lessen.org\/Wordpress\/einleitung-im-familienbuch\/\">Einleitung im Familienbuch<\/a>&#8220;<br \/>\n&#8222;<a href=\"http:\/\/van-lessen.org\/Wordpress\/die_emdener_van_lessen_um-1600\/\">Die Emder Familie van Lessen um 1600<\/a>&#8220;<\/p>\n<p><img loading=\"lazy\" class=\"alignnone wp-image-370\" src=\"http:\/\/van-lessen.org\/Wordpress\/wp-content\/uploads\/2018\/03\/Emdener_van_Lessen-300x163.jpg\" alt=\"\" width=\"643\" height=\"349\" srcset=\"http:\/\/van-lessen.org\/Wordpress\/wp-content\/uploads\/2018\/03\/Emdener_van_Lessen-300x163.jpg 300w, http:\/\/van-lessen.org\/Wordpress\/wp-content\/uploads\/2018\/03\/Emdener_van_Lessen-768x418.jpg 768w, http:\/\/van-lessen.org\/Wordpress\/wp-content\/uploads\/2018\/03\/Emdener_van_Lessen-1024x557.jpg 1024w\" sizes=\"(max-width: 643px) 100vw, 643px\" \/><\/p>\n<p style=\"line-height: 80%;\"><small><em>Quelle der Tafel:<\/em> Quellen und Forschungen zur ostfriesischen Familien- und Wappenkunde (QuF), 46.\u00a0Jahrgang, 1997, Seite\u00a051<\/small><\/p>\n","protected":false},"excerpt":{"rendered":"<p>Zur\u00fcck zur Startseite Der Stammvater Johan Le\u00dfen in der Datenbank der Familie van Lessen ist vermutlich kein Nachkomme der hier gezeigten \u00e4ltesten Generation bestehend aus Joest Janssen van Lessen, Magdalene Tgrauen und Lisabett Miclot. Es wird entgegen der Angabe in der unten stehenden Tafel vermutet, dass Joest Janssen van Lessen und Johan Corste Lessen S\u00f6hne &hellip; <a href=\"http:\/\/van-lessen.org\/Wordpress\/tafel_emdener_van_lessen\/\" class=\"more-link\"><span class=\"screen-reader-text\"><\/p>\n<h4><center>Tafel der fr\u00fchen van Lessen in Emden<\/center><\/h4>\n<p><\/span> weiterlesen<\/a><\/p>\n","protected":false},"author":1,"featured_media":0,"parent":0,"menu_order":0,"comment_status":"closed","ping_status":"closed","template":"","meta":[],"_links":{"self":[{"href":"http:\/\/van-lessen.org\/Wordpress\/wp-json\/wp\/v2\/pages\/365"}],"collection":[{"href":"http:\/\/van-lessen.org\/Wordpress\/wp-json\/wp\/v2\/pages"}],"about":[{"href":"http:\/\/van-lessen.org\/Wordpress\/wp-json\/wp\/v2\/types\/page"}],"author":[{"embeddable":true,"href":"http:\/\/van-lessen.org\/Wordpress\/wp-json\/wp\/v2\/users\/1"}],"replies":[{"embeddable":true,"href":"http:\/\/van-lessen.org\/Wordpress\/wp-json\/wp\/v2\/comments?post=365"}],"version-history":[{"count":71,"href":"http:\/\/van-lessen.org\/Wordpress\/wp-json\/wp\/v2\/pages\/365\/revisions"}],"predecessor-version":[{"id":1676,"href":"http:\/\/van-lessen.org\/Wordpress\/wp-json\/wp\/v2\/pages\/365\/revisions\/1676"}],"wp:attachment":[{"href":"http:\/\/van-lessen.org\/Wordpress\/wp-json\/wp\/v2\/media?parent=365"}],"curies":[{"name":"wp","href":"https:\/\/api.w.org\/{rel}","templated":true}]}}