{"id":63,"date":"2018-02-21T11:42:22","date_gmt":"2018-02-21T10:42:22","guid":{"rendered":"http:\/\/van-lessen.org\/Wordpress\/?page_id=63"},"modified":"2019-12-29T15:54:21","modified_gmt":"2019-12-29T14:54:21","slug":"historie","status":"publish","type":"page","link":"http:\/\/van-lessen.org\/Wordpress\/historie\/","title":{"rendered":"<h4><center>Kurze Historie der Abstammung<\/center><\/h4>"},"content":{"rendered":"<style type=\"text\/css\">\n    p {<br \/>\n        font-size: 17px;<br \/>\n        margin-bottom: 13px;<br \/>\n        line-height: 130%;<br \/>\n    }<br \/>\n    <\/style>\n<p style=\"margin-top: 10px\"><a href=\"http:\/\/van-lessen.org\/wordpress\"><em>Zur\u00fcck zur Startseite<\/em><\/a><\/p>\n<p>In der zweiten H\u00e4lfte&nbsp;des 16. Jahrhunderts waren durch die Gegenreformation vertriebene reformierte Wallonen nach Emden gekommen. Ein im Jahr 1819 erschienenes Buch von Philipp Jacob Wenz, <a target=\"_blank\" href=\"https:\/\/books.google.de\/books?id=gHdSAAAAcAAJ&amp;printsec=frontcover&amp;dq=Philipp+Jacob+Wenz&amp;hl=en&amp;sa=X&amp;ved=0ahUKEwjNsubppt3ZAhVnIcAKHQbhDJMQ6AEIKTAA#v=onepage&amp;q=Philipp%20Jacob%20Wenz&amp;f=false\" rel=\"noopener noreferrer\"><em>zu lesen unter Google Books<\/em><\/a>, beschreibt ihren Exodus. Auf der Seite 128 &nbsp;des Buches wird Elias van Lessen als Diakon der Franz\u00f6sisch-reformierten Kirchengemeinde Emden erw\u00e4hnt.&nbsp;Auf der Seite 190&nbsp;wird Corneille de Lessen (Kornelis de Lessene) erw\u00e4hnt. Corneille, der nicht nach Emden ausgewandert war, wurde 1568 als Ketzer in L\u00fcttich unter Herzog Alba gehenkt.<\/p>\n<p>In den QuF (Quellen und&nbsp;Forschungen) von 1997, 46. Jahrgang, beschreibt Hermann Fischer aus Wilhelmshaven&nbsp;auf den Seiten 50 und 51 die Familie van Lessen in Emden um 1600. Das Ehepaar Joest Janssen van Lessene und Magdalene Tgrauen wird dort als Eltern des Elias van Lessen aufgef\u00fchrt. Der \u201eLinneweber\u201c Joest Janssen van Lessene stammt aus Tielt oder aus Deinze, Nachbarorte&nbsp;westlich von Gent gelegen. Magdalene Tgrauen stammt aus Marcke(?) in der Provinz Hainaut. Aus den QuF wird ferner zitiert: \u201eInwieweit sich ein Corneille de Lessen, der vielfach als Urahn ausgegeben wird, und um 1570 in L\u00fcttich hingerichtet worden sein soll, hier noch einordnen l\u00e4sst,&nbsp;sei dahingestellt.\u201c<\/p>\n<p>Ferner wird in den QuF der \u201eolde Johan Corste Le\u00dfen, Linneweber\u201c erw\u00e4hnt. Joest Janssen van Lessene und Johan Corste Le\u00dfen haben im M\u00e4rz 1580 den B\u00fcrgereid in Emden geleistet. Das Attribut \u201eolde\u201c kann Johan Corste als Vater von Joest Janssen bezeichnen, es kann Johan Corste aber auch von einem &#8211;&nbsp;nicht bekannten&nbsp;&#8211; Sohn gleichen Namens unterscheiden. Gegen Johan Corste als Vater von Joest Janssen sprechen Daten: Joest Janssen wurde etwa 1535 geboren, und 45 Jahre sp\u00e4ter h\u00e4tte der Vater den B\u00fcrgereid geleistet. Sind Johan Corste und Joest Janssen stattdessen S\u00f6hne des Corneille de Lessen? Nachdem Emdener Archive ausgiebig gesichtet wurden, sollte zur Beantwortung der Frage in Archiven der Orte Tielt und Deinze geforscht werden.<\/p>\n<p>Ahnen der in der Datenbank erfassten Familie van Lessen sind der 1687 als P\u00e4chter in Dykhausen erw\u00e4hnte&nbsp;<strong><a href=\"http:\/\/van-lessen.org\/individual.php?pid=I158&amp;ged=van-Lessen\" rel=\"noopener noreferrer\" target=\"_blank\">Johan Le\u00dfen<\/a><\/strong>&nbsp;und seine Ehefrau&nbsp;<strong><a href=\"http:\/\/van-lessen.org\/individual.php?pid=I159&amp;ged=van-Lessen\" rel=\"noopener noreferrer\" target=\"_blank\">Sybilla Meents<\/a><\/strong>. Seine Herkunft von den Emdener van Lessens konnte nicht nachgewiesen werden. F\u00fcr die Abstammung sprechen der von Johan Le\u00dfens Nachfahren verwendete Nachname van Lessen und der h\u00e4ufig vergebene Vorname Cornelius. Johan Le\u00dfen ist wohl kein Nachfahre vom Ehepaar Elias van Lessen und Mayke Penon, denn dessen neun bis 1651 geborenen Kinder und Enkelkinder sind unter anderen Vor- und Familiennamen bekannt. Ist Johan Le\u00dfen Urenkel von Johan Corste Le\u00dfen? Dann liegen zwei nicht bekannte Generationen dazwischen. Sie haben auch denselben Vornamen.<\/p>\n<p>Theodor Bloem<\/p>\n<p><em>Siehe auch<br \/>\n&#8222;<a href=\"http:\/\/van-lessen.org\/Wordpress\/tafel_emdener_van_lessen\/\">Tafel der fr\u00fchen van Lessen in Emden<\/a>&#8220;,<br \/>\n<\/em><em>&#8222;<a href=\"http:\/\/van-lessen.org\/Wordpress\/einleitung-im-familienbuch\/\">Einleitung zum Familienbuch<\/a>&#8220;, und<br \/>\n<\/em><em>&#8222;<a href=\"http:\/\/van-lessen.org\/Wordpress\/die_emdener_van_lessen_um-1600\/\">Die Emder Familie van Lessen um 1600<\/a>&#8220;.<\/em><\/p>\n","protected":false},"excerpt":{"rendered":"<p>Zur\u00fcck zur Startseite In der zweiten H\u00e4lfte&nbsp;des 16. Jahrhunderts waren durch die Gegenreformation vertriebene reformierte Wallonen nach Emden gekommen. Ein im Jahr 1819 erschienenes Buch von Philipp Jacob Wenz, zu lesen unter Google Books, beschreibt ihren Exodus. Auf der Seite 128 &nbsp;des Buches wird Elias van Lessen als Diakon der Franz\u00f6sisch-reformierten Kirchengemeinde Emden erw\u00e4hnt.&nbsp;Auf der &hellip; <a href=\"http:\/\/van-lessen.org\/Wordpress\/historie\/\" class=\"more-link\"><span class=\"screen-reader-text\"><\/p>\n<h4><center>Kurze Historie der Abstammung<\/center><\/h4>\n<p><\/span> weiterlesen<\/a><\/p>\n","protected":false},"author":1,"featured_media":0,"parent":0,"menu_order":0,"comment_status":"closed","ping_status":"closed","template":"","meta":[],"_links":{"self":[{"href":"http:\/\/van-lessen.org\/Wordpress\/wp-json\/wp\/v2\/pages\/63"}],"collection":[{"href":"http:\/\/van-lessen.org\/Wordpress\/wp-json\/wp\/v2\/pages"}],"about":[{"href":"http:\/\/van-lessen.org\/Wordpress\/wp-json\/wp\/v2\/types\/page"}],"author":[{"embeddable":true,"href":"http:\/\/van-lessen.org\/Wordpress\/wp-json\/wp\/v2\/users\/1"}],"replies":[{"embeddable":true,"href":"http:\/\/van-lessen.org\/Wordpress\/wp-json\/wp\/v2\/comments?post=63"}],"version-history":[{"count":33,"href":"http:\/\/van-lessen.org\/Wordpress\/wp-json\/wp\/v2\/pages\/63\/revisions"}],"predecessor-version":[{"id":1972,"href":"http:\/\/van-lessen.org\/Wordpress\/wp-json\/wp\/v2\/pages\/63\/revisions\/1972"}],"wp:attachment":[{"href":"http:\/\/van-lessen.org\/Wordpress\/wp-json\/wp\/v2\/media?parent=63"}],"curies":[{"name":"wp","href":"https:\/\/api.w.org\/{rel}","templated":true}]}}

<style type="text/css">
    p {<br />
        font-size: 17px;<br />
        margin-bottom: 13px;<br />
        line-height: 130%;<br />
    }<br />
    </style>
<p style="margin-top: 10px"><a href="http://van-lessen.org/wordpress"><em>Zurück zur Startseite</em></a></p>
<p>In der zweiten Hälfte&nbsp;des 16. Jahrhunderts waren durch die Gegenreformation vertriebene reformierte Wallonen nach Emden gekommen. Ein im Jahr 1819 erschienenes Buch von Philipp Jacob Wenz, <a target="_blank" href="https://books.google.de/books?id=gHdSAAAAcAAJ&amp;printsec=frontcover&amp;dq=Philipp+Jacob+Wenz&amp;hl=en&amp;sa=X&amp;ved=0ahUKEwjNsubppt3ZAhVnIcAKHQbhDJMQ6AEIKTAA#v=onepage&amp;q=Philipp%20Jacob%20Wenz&amp;f=false" rel="noopener noreferrer"><em>zu lesen unter Google Books</em></a>, beschreibt ihren Exodus. Auf der Seite 128 &nbsp;des Buches wird Elias van Lessen als Diakon der Französisch-reformierten Kirchengemeinde Emden erwähnt.&nbsp;Auf der Seite 190&nbsp;wird Corneille de Lessen (Kornelis de Lessene) erwähnt. Corneille, der nicht nach Emden ausgewandert war, wurde 1568 als Ketzer in Lüttich unter Herzog Alba gehenkt.</p>
<p>In den QuF (Quellen und&nbsp;Forschungen) von 1997, 46. Jahrgang, beschreibt Hermann Fischer aus Wilhelmshaven&nbsp;auf den Seiten 50 und 51 die Familie van Lessen in Emden um 1600. Das Ehepaar Joest Janssen van Lessene und Magdalene Tgrauen wird dort als Eltern des Elias van Lessen aufgeführt. Der „Linneweber“ Joest Janssen van Lessene stammt aus Tielt oder aus Deinze, Nachbarorte&nbsp;westlich von Gent gelegen. Magdalene Tgrauen stammt aus Marcke(?) in der Provinz Hainaut. Aus den QuF wird ferner zitiert: „Inwieweit sich ein Corneille de Lessen, der vielfach als Urahn ausgegeben wird, und um 1570 in Lüttich hingerichtet worden sein soll, hier noch einordnen lässt,&nbsp;sei dahingestellt.“</p>
<p>Ferner wird in den QuF der „olde Johan Corste Leßen, Linneweber“ erwähnt. Joest Janssen van Lessene und Johan Corste Leßen haben im März 1580 den Bürgereid in Emden geleistet. Das Attribut „olde“ kann Johan Corste als Vater von Joest Janssen bezeichnen, es kann Johan Corste aber auch von einem &#8211;&nbsp;nicht bekannten&nbsp;&#8211; Sohn gleichen Namens unterscheiden. Gegen Johan Corste als Vater von Joest Janssen sprechen Daten: Joest Janssen wurde etwa 1535 geboren, und 45 Jahre später hätte der Vater den Bürgereid geleistet. Sind Johan Corste und Joest Janssen stattdessen Söhne des Corneille de Lessen? Nachdem Emdener Archive ausgiebig gesichtet wurden, sollte zur Beantwortung der Frage in Archiven der Orte Tielt und Deinze geforscht werden.</p>
<p>Ahnen der in der Datenbank erfassten Familie van Lessen sind der 1687 als Pächter in Dykhausen erwähnte&nbsp;<strong><a href="http://van-lessen.org/individual.php?pid=I158&amp;ged=van-Lessen" rel="noopener noreferrer" target="_blank">Johan Leßen</a></strong>&nbsp;und seine Ehefrau&nbsp;<strong><a href="http://van-lessen.org/individual.php?pid=I159&amp;ged=van-Lessen" rel="noopener noreferrer" target="_blank">Sybilla Meents</a></strong>. Seine Herkunft von den Emdener van Lessens konnte nicht nachgewiesen werden. Für die Abstammung sprechen der von Johan Leßens Nachfahren verwendete Nachname van Lessen und der häufig vergebene Vorname Cornelius. Johan Leßen ist wohl kein Nachfahre vom Ehepaar Elias van Lessen und Mayke Penon, denn dessen neun bis 1651 geborenen Kinder und Enkelkinder sind unter anderen Vor- und Familiennamen bekannt. Ist Johan Leßen Urenkel von Johan Corste Leßen? Dann liegen zwei nicht bekannte Generationen dazwischen. Sie haben auch denselben Vornamen.</p>
<p>Theodor Bloem</p>
<p><em>Siehe auch<br />
&#8222;<a href="http://van-lessen.org/Wordpress/tafel_emdener_van_lessen/">Tafel der frühen van Lessen in Emden</a>&#8220;,<br />
</em><em>&#8222;<a href="http://van-lessen.org/Wordpress/einleitung-im-familienbuch/">Einleitung zum Familienbuch</a>&#8220;, und<br />
</em><em>&#8222;<a href="http://van-lessen.org/Wordpress/die_emdener_van_lessen_um-1600/">Die Emder Familie van Lessen um 1600</a>&#8220;.</em></p>

<p>Zurück zur Startseite In der zweiten Hälfte&nbsp;des 16. Jahrhunderts waren durch die Gegenreformation vertriebene reformierte Wallonen nach Emden gekommen. Ein im Jahr 1819 erschienenes Buch von Philipp Jacob Wenz, zu lesen unter Google Books, beschreibt ihren Exodus. Auf der Seite 128 &nbsp;des Buches wird Elias van Lessen als Diakon der Französisch-reformierten Kirchengemeinde Emden erwähnt.&nbsp;Auf der &hellip; <a href="http://van-lessen.org/Wordpress/historie/" class="more-link"><span class="screen-reader-text"></p>
<h4><center>Kurze Historie der Abstammung</center></h4>
<p></span> weiterlesen</a></p>
