{"id":68,"date":"2018-02-21T11:46:57","date_gmt":"2018-02-21T10:46:57","guid":{"rendered":"http:\/\/van-lessen.org\/Wordpress\/?page_id=68"},"modified":"2019-12-24T19:42:46","modified_gmt":"2019-12-24T18:42:46","slug":"familienverband","status":"publish","type":"page","link":"http:\/\/van-lessen.org\/Wordpress\/familienverband\/","title":{"rendered":"<h3><center>Familienverband van Lessen<\/center><\/h3>"},"content":{"rendered":"<style type=\"text\/css\">\n    p {<br \/>\n        font-size: 15px;<br \/>\n        margin-bottom: 1px;<br \/>\n        line-height: 125%;<br \/>\n    }<br \/>\n    <\/style>\n<p style=\"margin-top: 20px;\"><a href=\"..\"><em>Zur\u00fcck zur Startseite<\/em><\/a><\/p>\n<p style=\"margin-top: 25px;\">Kontaktadresse: <a href=\"mailto:familienverband-vanlessen@gmx.de\">familienverband-vanlessen@gmx.de<\/a><\/p>\n<h4 style=\"margin-top: 20px;\">Familientag 2017 in Aurich<\/h4>\n<p style=\"margin-top: -20px;\">Einer der H\u00f6hepunkte in 2017 war der 12.&nbsp;Familientag am 09.&nbsp;und 10.&nbsp;September in Aurich.<\/p>\n<p>Die Veranstaltung begann Samstag Nachmittag mit einer Besichtigung des Klosters Ihlow. Diese im Jahr 1228 gegr\u00fcndete Zisterzienserabtei hatte \u00fcber 300&nbsp;Jahre eine gro\u00dfe Bedeutung in der Politik und Rechtsprechung Ostfrieslands, bevor sie im Zuge der Reformation von den ostfriesischen Grafen Enno&nbsp;II und Johann 1529 aufgel\u00f6st und wenige Jahre sp\u00e4ter zerst\u00f6rt wurde.<\/p>\n<p>Nach einer F\u00fchrung unserer Verwandten Uta Charlotte Mansholt (341) durch den unterirdisch angelegten Raum der Spurensuche, in dem arch\u00e4ologische Funde und Informationstafeln zur Historie des Christentums ausgestellt sind, haben wir uns erst einmal im Klostercaf\u00e9 gest\u00e4rkt. Mittlerweile war der str\u00f6mende Regen verschwunden, so dass jeder auf eigene Faust den Klostergarten mit medizinischen Kr\u00e4utern und die als Stahl- und Holzger\u00fcst im Ma\u00dfstab 1:1 nachgebaute Klosterkirche erkunden konnte. Wer den Aufstieg zur Spitze des Kirchturms \u00fcber eine enge Wendeltreppe geschafft hatte, wurde durch den herrlichen Blick aus 45&nbsp;Metern H\u00f6he \u00fcber weite Teile des Landkreises Aurich belohnt.<\/p>\n<p>Am fr\u00fchen Abend trafen sich die Teilnehmer des Familientages zur offiziellen Versammlung im Wintergarten des Seminarhotels Aurich. Es war f\u00fcr uns eine besondere Freude, unter den Anwesenden f\u00fcnf Verbandsmitglieder zu begr\u00fc\u00dfen, die zum ersten Mal unseren Familientag besucht haben: Theodor Wilhelm Bloem mit Ehefrau Judit und Tochter Judith, Edda van Lessen und Ingrid van Lessen. Ibeling nahm dies zum Anlass, eine gro\u00dfe Vorstellungsrunde durchzuf\u00fchren, die sich als voller Erfolg herausstellte und interessante Erlebnisse und Geschichten aus der Vergangenheit der Familie van Lessen zu Tage f\u00f6rderte.<\/p>\n<p>Da in diesem Jahr keine Wahlen erforderlich waren, konnten die Vereinsformalit\u00e4ten wie die Entlastung von Familienvorstand und Kassenwart schnell und erfolgreich abgeschlossen werden, sodass dem gem\u00fctlichen Teil des Abends mit einem hervorragenden Buffet nichts mehr im Wege stand.<\/p>\n<p>Am Sonntag Morgen hat der Sonnenschein zur Stadtf\u00fchrung eingeladen, die direkt vom zentral gelegenen Seminarhotel aus starten konnte. Entlang den Spuren der ehemaligen Stadtbefestigung ging es zum Auricher Schlossbezirk, dessen Geb\u00e4ude von 1744 bis 1878 Verwaltungssitz der preussischen, holl\u00e4ndischen, franz\u00f6sischen und hannoverschen Landesherren waren und heute die Oberfinanzdirektion und das Landgericht beherbergen. Weitere Sehensw\u00fcrdigen der F\u00fchrung waren die historische Fu\u00dfg\u00e4ngerzone mit Lambertikirche und reformierter Kirche im klassizistischen Baustil, der Marktplatz mit seiner gl\u00e4sernen Markthalle und dem umstrittenen Kunstobjekt Sous Turm sowie das moderne Freizeitbad De Balje. Von dort waren nur noch wenige hundert Meter bis zum Hafen-Restaurant Jugoslavia zur\u00fcckzulegen, in dem das gemeinsame Mittagessen stattfand.<\/p>\n<p>Nach dem Essen wartete schon die MS&nbsp;Aurich mit Ostfriesentee und Kuchen am Hafen. Die 2\u00bd st\u00fcndige Schiffsfahrt auf dem Ems-Jade-Kanal f\u00fchrte durch eine idyllische Weidelandschaft \u00fcber die Schleuse Kukelorum bis zum Ihlower Ortsteil Bangstede und zur\u00fcck. Wegen des sch\u00f6nen Wetters genossen die meisten Familientagsbesucher die Fahrt unter freiem Himmel auf dem Oberdeck.<\/p>\n<p>Nachdem die Schiffmannschaft noch einige Gruppenfotos der Familientags-Teilnehmer aufgenommen hatte, ging es im Auricher Hafen zur\u00fcck an Land, wo der Familientag mit zahlreichen Abschieden endete.<\/p>\n<p>Hero van Lessen<\/p>\n","protected":false},"excerpt":{"rendered":"<p>Zur\u00fcck zur Startseite Kontaktadresse: familienverband-vanlessen@gmx.de Familientag 2017 in Aurich Einer der H\u00f6hepunkte in 2017 war der 12.&nbsp;Familientag am 09.&nbsp;und 10.&nbsp;September in Aurich. Die Veranstaltung begann Samstag Nachmittag mit einer Besichtigung des Klosters Ihlow. Diese im Jahr 1228 gegr\u00fcndete Zisterzienserabtei hatte \u00fcber 300&nbsp;Jahre eine gro\u00dfe Bedeutung in der Politik und Rechtsprechung Ostfrieslands, bevor sie im Zuge &hellip; <a href=\"http:\/\/van-lessen.org\/Wordpress\/familienverband\/\" class=\"more-link\"><span class=\"screen-reader-text\"><\/p>\n<h3><center>Familienverband van Lessen<\/center><\/h3>\n<p><\/span> weiterlesen<\/a><\/p>\n","protected":false},"author":1,"featured_media":0,"parent":0,"menu_order":0,"comment_status":"closed","ping_status":"closed","template":"","meta":[],"_links":{"self":[{"href":"http:\/\/van-lessen.org\/Wordpress\/wp-json\/wp\/v2\/pages\/68"}],"collection":[{"href":"http:\/\/van-lessen.org\/Wordpress\/wp-json\/wp\/v2\/pages"}],"about":[{"href":"http:\/\/van-lessen.org\/Wordpress\/wp-json\/wp\/v2\/types\/page"}],"author":[{"embeddable":true,"href":"http:\/\/van-lessen.org\/Wordpress\/wp-json\/wp\/v2\/users\/1"}],"replies":[{"embeddable":true,"href":"http:\/\/van-lessen.org\/Wordpress\/wp-json\/wp\/v2\/comments?post=68"}],"version-history":[{"count":73,"href":"http:\/\/van-lessen.org\/Wordpress\/wp-json\/wp\/v2\/pages\/68\/revisions"}],"predecessor-version":[{"id":1957,"href":"http:\/\/van-lessen.org\/Wordpress\/wp-json\/wp\/v2\/pages\/68\/revisions\/1957"}],"wp:attachment":[{"href":"http:\/\/van-lessen.org\/Wordpress\/wp-json\/wp\/v2\/media?parent=68"}],"curies":[{"name":"wp","href":"https:\/\/api.w.org\/{rel}","templated":true}]}}

<style type="text/css">
    p {<br />
        font-size: 15px;<br />
        margin-bottom: 1px;<br />
        line-height: 125%;<br />
    }<br />
    </style>
<p style="margin-top: 20px;"><a href=".."><em>Zurück zur Startseite</em></a></p>
<p style="margin-top: 25px;">Kontaktadresse: <a href="mailto:familienverband-vanlessen@gmx.de">familienverband-vanlessen@gmx.de</a></p>
<h4 style="margin-top: 20px;">Familientag 2017 in Aurich</h4>
<p style="margin-top: -20px;">Einer der Höhepunkte in 2017 war der 12.&nbsp;Familientag am 09.&nbsp;und 10.&nbsp;September in Aurich.</p>
<p>Die Veranstaltung begann Samstag Nachmittag mit einer Besichtigung des Klosters Ihlow. Diese im Jahr 1228 gegründete Zisterzienserabtei hatte über 300&nbsp;Jahre eine große Bedeutung in der Politik und Rechtsprechung Ostfrieslands, bevor sie im Zuge der Reformation von den ostfriesischen Grafen Enno&nbsp;II und Johann 1529 aufgelöst und wenige Jahre später zerstört wurde.</p>
<p>Nach einer Führung unserer Verwandten Uta Charlotte Mansholt (341) durch den unterirdisch angelegten Raum der Spurensuche, in dem archäologische Funde und Informationstafeln zur Historie des Christentums ausgestellt sind, haben wir uns erst einmal im Klostercafé gestärkt. Mittlerweile war der strömende Regen verschwunden, so dass jeder auf eigene Faust den Klostergarten mit medizinischen Kräutern und die als Stahl- und Holzgerüst im Maßstab 1:1 nachgebaute Klosterkirche erkunden konnte. Wer den Aufstieg zur Spitze des Kirchturms über eine enge Wendeltreppe geschafft hatte, wurde durch den herrlichen Blick aus 45&nbsp;Metern Höhe über weite Teile des Landkreises Aurich belohnt.</p>
<p>Am frühen Abend trafen sich die Teilnehmer des Familientages zur offiziellen Versammlung im Wintergarten des Seminarhotels Aurich. Es war für uns eine besondere Freude, unter den Anwesenden fünf Verbandsmitglieder zu begrüßen, die zum ersten Mal unseren Familientag besucht haben: Theodor Wilhelm Bloem mit Ehefrau Judit und Tochter Judith, Edda van Lessen und Ingrid van Lessen. Ibeling nahm dies zum Anlass, eine große Vorstellungsrunde durchzuführen, die sich als voller Erfolg herausstellte und interessante Erlebnisse und Geschichten aus der Vergangenheit der Familie van Lessen zu Tage förderte.</p>
<p>Da in diesem Jahr keine Wahlen erforderlich waren, konnten die Vereinsformalitäten wie die Entlastung von Familienvorstand und Kassenwart schnell und erfolgreich abgeschlossen werden, sodass dem gemütlichen Teil des Abends mit einem hervorragenden Buffet nichts mehr im Wege stand.</p>
<p>Am Sonntag Morgen hat der Sonnenschein zur Stadtführung eingeladen, die direkt vom zentral gelegenen Seminarhotel aus starten konnte. Entlang den Spuren der ehemaligen Stadtbefestigung ging es zum Auricher Schlossbezirk, dessen Gebäude von 1744 bis 1878 Verwaltungssitz der preussischen, holländischen, französischen und hannoverschen Landesherren waren und heute die Oberfinanzdirektion und das Landgericht beherbergen. Weitere Sehenswürdigen der Führung waren die historische Fußgängerzone mit Lambertikirche und reformierter Kirche im klassizistischen Baustil, der Marktplatz mit seiner gläsernen Markthalle und dem umstrittenen Kunstobjekt Sous Turm sowie das moderne Freizeitbad De Balje. Von dort waren nur noch wenige hundert Meter bis zum Hafen-Restaurant Jugoslavia zurückzulegen, in dem das gemeinsame Mittagessen stattfand.</p>
<p>Nach dem Essen wartete schon die MS&nbsp;Aurich mit Ostfriesentee und Kuchen am Hafen. Die 2½ stündige Schiffsfahrt auf dem Ems-Jade-Kanal führte durch eine idyllische Weidelandschaft über die Schleuse Kukelorum bis zum Ihlower Ortsteil Bangstede und zurück. Wegen des schönen Wetters genossen die meisten Familientagsbesucher die Fahrt unter freiem Himmel auf dem Oberdeck.</p>
<p>Nachdem die Schiffmannschaft noch einige Gruppenfotos der Familientags-Teilnehmer aufgenommen hatte, ging es im Auricher Hafen zurück an Land, wo der Familientag mit zahlreichen Abschieden endete.</p>
<p>Hero van Lessen</p>

<p>Zurück zur Startseite Kontaktadresse: familienverband-vanlessen@gmx.de Familientag 2017 in Aurich Einer der Höhepunkte in 2017 war der 12.&nbsp;Familientag am 09.&nbsp;und 10.&nbsp;September in Aurich. Die Veranstaltung begann Samstag Nachmittag mit einer Besichtigung des Klosters Ihlow. Diese im Jahr 1228 gegründete Zisterzienserabtei hatte über 300&nbsp;Jahre eine große Bedeutung in der Politik und Rechtsprechung Ostfrieslands, bevor sie im Zuge &hellip; <a href="http://van-lessen.org/Wordpress/familienverband/" class="more-link"><span class="screen-reader-text"></p>
<h3><center>Familienverband van Lessen</center></h3>
<p></span> weiterlesen</a></p>
